t - 15. Let a be v(-6). Let f(h) = 3*h - 4. Determine f(a).
-13
Suppose -2*b - 3*b = 25. Let i(u) be the third derivative of -u**6/120 - u**5/10 - 5*u**4/24 + u**3/6 - u**2. Calculate i(b).
1
Let n(c) = 3*c**3 - 3*c - 2. Let m(v) = -2*v**3 + v**2 + 2*v + 2. Let d(y) = -4*m(y) - 3*n(y). What is d(-4)?
-6
Let b(w) be the third derivative of -w**5/60 + w**4/4 + w**3 - 65*w**2. Let j be 0/(2 - 1) + 5. What is b(j)?
11
Let c(n) = 7*n + 2*n**2 - 19*n + 11*n - 4*n**2. Suppose -5*g + u - 6 = 0, -2*u - 3 = 2*g - 3*u. Give c(g).
-1
Let x be 3 - ((-3)/1 - -3). Let f(l) = 10 - l**2 - 4*l - 2 - x + 0*l. Give f(-5).
0
Let h(k) = -4*k - 12. Let b be -1*(6 + -2 - 0). Let g be ((-2)/b)/((-1)/(-12)). Let i(m) = -7*m - 23. Let o(d) = g*i(d) - 11*h(d). Give o(4).
2
Suppose -o = 4*r + 6 + 25, -4*r = 16. Let i = -15 - o. Let q(s) = s - 1. Calculate q(i).
-1
Let z(v) = v**2 + v - 1. Let k(d) = -d**3 + 11*d**2 + 14*d - 11. Let r be 1 + 1 + -4 + 1. Let m(j) = r*k(j) + 6*z(j). Determine m(6).
-7
Let a(t) be the second derivative of t**4/12 - 11*t**3/6 - 6*t**2 + 2*t. Let n be a(12). Let k(q) = q**3 + q. What is k(n)?
0
Let u be (-16)/(-5) + 24/(-20) + 1. Let i(q) be the second derivative of 0*q**2 + 3/4*q**4 + 0 + 0*q**u - 4*q. Give i(1).
9
Let r(f) = -10*f**2 + f - 1. Suppose -27 = -2*b + 5*i, 8*b - i - 8 = 5*b. What is r(b)?
-10
Let f(r) = r + 2. Let i(a) = a. Let v(p) = 5*p + 1. Let q(y) = 4*i(y) - v(y). Suppose -6 = -2*n + n. Let o(d) = n*q(d) + 5*f(d). Determine o(0).
4
Let m(n) be the third derivative of 1/24*n**4 - n**2 + 0 - 1/2*n**3 + 0*n. What is m(-4)?
-7
Let j(f) = f + 2. Let y(t) = 1. Let o be 1 - 5/((-5)/(-6)). Let k(l) = o*y(l) + j(l). What is k(3)?
0
Let x(w) = -w + 12. Let h(y) = y**3 + y**2 + y - 1. Let o(k) = h(k) + x(k). What is o(0)?
11
Suppose 6*z - 13 + 1 = 0. Let r(g) = -2*g**3 + g**2 + 4*g - 3. Give r(z).
-7
Let d(n) = n**2 + 5*n - 7. Let z(t) = -t**3 + 7*t**2 - t + 9. Let i be z(7). Suppose -3*l = -i*l - 4. Suppose -2*w + h = 3*w + 26, l*h - 29 = 5*w. Give d(w).
-7
Let w(y) be the first derivative of -y**3/3 - 5*y**2 - 9*y + 40. Determine w(-6).
15
Let d = 24 - 14. Suppose -d = -2*t - 2. Let k be t/((5 - 2) + -4). Let s(n) = -n**3 - 5*n**2 - 5*n. Calculate s(k).
4
Let x(g) = -g**3 - 5*g**2 - 4. Let v(y) = -y**2 + y + 1. Suppose 0 = -5*c + 2*c + 9. Let r be v(c). What is x(r)?
-4
Suppose 2*l = 3*m - 5, 5*l = 2*m - 8 + 1. Let a(d) = -13*d + 9*d + 2 - 3. Give a(l).
3
Let x(o) = o**2 + 3*o. Let f(s) = 5*s - 14. Let g(m) = m - 3. Let d(b) = 2*f(b) - 11*g(b). Let y be d(9). Determine x(y).
4
Let s(q) = 4*q - 34. Let i be s(10). Let p(g) = g + 3. What is p(i)?
9
Suppose 0 = m + 4*m - 20. Let h(g) be the first derivative of -g**2/2 + 16. Give h(m).
-4
Let j(t) be the first derivative of -t**2/2 - 12*t + 56. Give j(-17).
5
Suppose -15 = -m - 2*m. Let z(d) = 5*d - d**3 + 0*d + 6 + m*d**2 + 0*d**2. Determine z(6).
0
Let h(w) = -w**2 + 4*w + 3. Suppose 49 = 3*j - 164. Let o = j + -51. Suppose b + 0*b + 4*p - 12 = 0, -4*p = 3*b - o. Determine h(b).
3
Let g(x) be the first derivative of x**6/90 - x**5/40 + x**4/8 + 5*x**3/3 + 6. Let j(q) be the third derivative of g(q). Give j(2).
13
Let x(a) = -6*a + 8. Let s be x(3). Let c = s - -3. Let n(g) = -g**2 - 8*g - 10. What is n(c)?
-3
Let s(q) = q - 49*q**2 - q**3 + q - 2 + 51*q**2. Determine s(2).
2
Let n(d) = -40*d + 23*d + 26*d. Give n(-2).
-18
Let g(q) = q**2 + 4*q + 4. Let k be g(-4). Let x(f) = -2 + f**3 + f**2 - 2*f**3 + k*f**2. Give x(5).
-2
Suppose -2*c - 9 + 3 = 0. Let o(n) = n + 4. Let v be o(c). Let r(u) = -1 + u**3 - u**2 + v + 5*u**2 + 2. Determine r(-4).
2
Let y(c) = 2*c - 5 + 0*c + c. Let r(k) = -k**2 - 5*k. Suppose -b + 18 = -5*t, -2*t - 14 = 2*b + b. Let w be r(t). Calculate y(w).
7
Let r(x) = -14*x - 20. Let u(d) = -5*d - 7. Let b(o) = -4*r(o) + 11*u(o). Give b(-6).
-3
Let k(r) be the third derivative of -r**6/120 + r**5/15 - r**4/12 - r**3/3 - 14*r**2. Let d = -1 + 1. Let m be d - (0 + -2 - 0). Give k(m).
2
Let o be (-50)/15*(-12)/10. Suppose o*x - 12 = -0*x. Suppose 0 = r - x + 6. Let a(h) = -2*h**2 - 4*h - 4. Determine a(r).
-10
Suppose -3*p + p + 2*q + 6 = 0, p - 3*q = 5. Let f be (-4)/6 - (-16)/6. Let h(b) = -2*b - b**3 - 4 - 7*b**2 + 0*b**f + p*b**2. Give h(-5).
6
Let h(a) = -2*a**3 + 21*a**2 - 15*a - 21. Let d(q) = -3*q**3 + 31*q**2 - 22*q - 31. Let c(n) = -5*d(n) + 7*h(n). Calculate c(7).
-6
Suppose 27 = -3*k + 3*o, -3*k - o - 21 = -6. Let v(g) = -g - 2. Give v(k).
4
Let h(y) = -9*y**2 - y + 1. Let u be 6 + (6/3 - 0). Let c = u + -7. What is h(c)?
-9
Let i(p) = p - 7. Let c be i(7). Let z(d) = 4*d - 3 + d**2 + 6 + c*d**2. Let v be 68/(-20) + 2/5. Give z(v).
0
Let g(b) = 0*b + 5*b - 5*b + 9 - b**2. Calculate g(0).
9
Let r(v) = v**3 - v**2 - 10*v - 2. Let o be 2/3*(-4 + -2). Let g(a) = -a**3 + 9*a + 3. Suppose -i - 5 = -0. Let x(w) = i*g(w) + o*r(w). What is x(-5)?
-7
Let a = -14 + 9. Let k(j) be the third derivative of -j**4/12 - 5*j**3/6 - 11*j**2. What is k(a)?
5
Let t be 180 - (-4 + 1) - -4. Let i be 4/18 - t/153. Let h(c) = -17*c**2. What is h(i)?
-17
Let j be ((-6)/(-9)*3)/(-2). Let q(n) = n - 1. Let u(w) be the third derivative of w**4/4 - 3*w**3/2 + w**2. Let m(s) = j*u(s) + 5*q(s). Give m(3).
1
Let n(z) be the third derivative of z**6/120 - z**5/15 + 5*z**4/24 - 5*z**3/6 + 29*z**2. Determine n(4).
15
Let t be 7 - 2 - (-3)/(-1). Let g(j) = 0*j**t + 2*j + 1 + 2*j**2 - j**2. Determine g(-1).
0
Suppose -28 = -16*j + 20. Let y(l) = l**3 + 6 + 4 - 7*l**2 + l + 6*l**3. Let w(u) = -15*u**3 + 15*u**2 - 3*u - 21. Let c(g) = 6*w(g) + 13*y(g). Calculate c(j).
7
Suppose -30*n + 29*n = -8. Let a(m) = m - 9. Calculate a(n).
-1
Let q(n) be the second derivative of -4*n + 0*n**2 + 0 - 1/6*n**3. Calculate q(-1).
1
Suppose 3*u = u + 32. Let a = 12 - u. Let q(b) = -b**2 - 4*b + 3. Calculate q(a).
3
Let f be 106/(-22) + 10/(-55). Let j = 8 + f. Let b(m) = j - m**2 + 4*m - 4 + 0. Give b(4).
-1
Let d(t) = t**2 - 7*t + 2. Suppose -3*l - 5*i = 40, -3*i - 5 = -3*l + l. Let a(g) = -3*g - 9. Let h be a(l). Calculate d(h).
-4
Let s(u) = u - 16. Suppose -2*g - 4*g - 14*g = 0. Calculate s(g).
-16
Let k(b) be the third derivative of b**5/60 - b**3/6 + 7*b**2. What is k(0)?
-1
Let k(x) = -2*x**2 - 14*x + 4. Let y(u) = u**2 + 7*u - 2. Let s(m) = -3*k(m) - 7*y(m). Suppose -4*o + 8 = 0, 2*j + o + 13 = -j. What is s(j)?
12
Let q = 8 + -5. Let x be (4 - 1)*(-2)/q. Let r(u) be the second derivative of u**5/20 + u**4/4 + u**3/2 + u**2 + 30*u. What is r(x)?
0
Let y be -5 + (-1 + 1 - 0). Let u(d) be the third derivative of -2*d**2 + 0*d + 0 - 1/6*d**4 - 1/6*d**3 - 1/60*d**5. What is u(y)?
-6
Let b(c) be the second derivative of -c**7/840 + c**6/72 + c**5/20 - c**4/4 - 4*c**3/3 + 5*c. Let l(h) be the second derivative of b(h). Determine l(6).
-6
Suppose -3 = -h + 1. Let r be 0 + (-6)/(-3) + 0. Let q(n) = -3*n**2 - n**2 + 5*n**r + 2 - 5*n. What is q(h)?
-2
Let q(o) be the second derivative of -o**4/12 - 2*o**3/3 - 3*o**2/2 - 2*o. Let d be q(-4). Let h = 3 + d. Let n(w) = -w + 8. Calculate n(h).
8
Let f(y) = y**3 - 12*y**2 - y + 16. Let d be f(12). Let z(m) = -m**2 + m + 1. What is z(d)?
-11
Let q(v) be the first derivative of -3*v**4/4 + v**3/3 - 2. Let o = 13 + -9. Suppose -2 = -3*n + 5*u, n + 5*u + 2 = -o. Calculate q(n).
4
Let i(w) = 2 + w**2 - 3*w + 3 + 4*w - 3*w. Let o(x) = x**2 - x + 4. Let l(g) = 5*i(g) - 4*o(g). What is l(6)?
9
Let f = 3 + 3. Let h(t) = 0*t - t + t**2 + f*t - 3*t. Give h(-2).
0
Let v(w) be the first derivative of w**4/4 + w**3/3 - w**2/2 + 5*w - 1. Suppose -2*z + 4 = -z. Suppose -3 = c - b, 3*b - 9 = -z*c + c. Calculate v(c).
5
Let t(f) = -3*f**2 - 16*f - 12. Let l(n) = 2*n**2 + 11*n + 8. Let j(k) = -7*l(k) - 5*t(k). Calculate j(-3).
4
Suppose 0 = -3*v - 11 + 14. Let c(h) = 1 + 0*h - 7*h**2 + 0*h. Determine c(v).
-6
Let q(c) = 0*c + 2 + c - 1. Suppose -2*u + 15 = 3*u. Determine q(u).
4
Suppose 4*c = -5*f - 19, 4*f - 3 = -2*c - 17. Let h(b) = -b**2 + 373*b - 373*b + 6*b**2. What is h(c)?
5
Let n = 10 + -5. Let y(u) = -u**3 + 4*u**2 + 7*u + 2. Determine y(n).
12
Let j be 14/(3 - (3 + 2)). Let a(x) = -10*x - 3. Let w(i) = -9*i - 3. Let t(n) = j*w(n) + 6*a(n). Give t(-3).
-6
Let d(z) = 5*z**3. Let a(m) = m**3 + 6*m**2 + 5*m. Let y be a(-5). Suppose y = 2*w + w - 6. Let r be (-1)/(2*1/w). Determin